
What is the ten thousands digit of 107933584?
3
What is the hundreds digit of 89819650?
6
What is the tens digit of 4955256230?
3
What is the ten thousands digit of 59279515?
7
What is the thousands digit of 18225616?
5
What is the ten millions digit of 1109678925?
0
What is the thousands digit of 2673859132?
9
What is the ten millions digit of 77956256?
7
What is the millions digit of 409895624?
9
What is the units digit of 7174579180?
0
What is the thousands digit of 35378990?
8
What is the thousands digit of 283467201?
7
What is the thousands digit of 349186764?
6
What is the tens digit of 136176865?
6
What is the millions digit of 162113885?
2
What is the tens digit of 4048666357?
5
What is the thousands digit of 55323959?
3
What is the units digit of 102691891?
1
What is the thousands digit of 16038939?
8
What is the hundreds digit of 2121498734?
7
What is the millions digit of 23046734?
3
What is the millions digit of 92774354?
2
What is the millions digit of 918169696?
8
What is the ten millions digit of 163236581?
6
What is the thousands digit of 939565378?
5
What is the hundred thousands digit of 6120610?
1
What is the thousands digit of 700234970?
4
What is the hundred thousands digit of 81464004?
4
What is the tens digit of 2038086353?
5
What is the thousands digit of 14648034?
8
What is the hundred thousands digit of 327185107?
1
What is the units digit of 30102357?
7
What is the units digit of 67759424?
4
What is the ten millions digit of 258101899?
5
What is the hundreds digit of 92417136?
1
What is the millions digit of 16456761?
6
What is the hundred thousands digit of 184895807?
8
What is the hundred thousands digit of 153449228?
4
What is the hundred thousands digit of 1131662026?
6
What is the ten thousands digit of 46542891?
4
What is the tens digit of 84720789?
8
What is the units digit of 86088417?
7
What is the thousands digit of 64520261?
0
What is the ten thousands digit of 223772890?
7
What is the ten millions digit of 102781351?
0
What is the hundred millions digit of 3418725952?
4
What is the ten millions digit of 205019715?
0
What is the ten thousands digit of 4145842?
4
What is the ten thousands digit of 2814669837?
6
What is the millions digit of 917474122?
7
What is the millions digit of 105874491?
5
What is the millions digit of 430740193?
0
What is the ten millions digit of 193209624?
9
What is the hundreds digit of 346485373?
3
What is the hundred millions digit of 430528879?
4
What is the units digit of 135736738?
8
What is the hundreds digit of 3124153544?
5
What is the ten millions digit of 728639269?
2
What is the thousands digit of 17202004?
2
What is the thousands digit of 6762063?
2
What is the units digit of 1864226111?
1
What is the hundred thousands digit of 118651066?
6
What is the billions digit of 4374472274?
4
What is the ten millions digit of 365014731?
6
What is the hundred thousands digit of 853036178?
0
What is the ten millions digit of 86871370?
8
What is the hundred thousands digit of 5371628714?
6
What is the hundreds digit of 17573440?
4
What is the ten thousands digit of 853053332?
5
What is the hundreds digit of 184290146?
1
What is the hundreds digit of 81628793?
7
What is the units digit of 2948183693?
3
What is the hundred thousands digit of 95329797?
3
What is the hundred millions digit of 117435422?
1
What is the hundred millions digit of 644630655?
6
What is the hundreds digit of 2293881943?
9
What is the hundreds digit of 339856812?
8
What is the ten thousands digit of 129006114?
0
What is the hundred thousands digit of 3553296797?
2
What is the units digit of 486817176?
6
What is the thousands digit of 2809315822?
5
What is the hundreds digit of 427587697?
6
What is the ten millions digit of 91044989?
9
What is the ten thousands digit of 428069982?
6
What is the tens digit of 274897824?
2
What is the millions digit of 102258278?
2
What is the hundred millions digit of 168395670?
1
What is the hundreds digit of 5063298166?
1
What is the ten thousands digit of 2361682526?
8
What is the ten thousands digit of 217651442?
5
What is the tens digit of 989439573?
7
What is the ten millions digit of 46856973?
4
What is the hundred thousands digit of 602198052?
1
What is the millions digit of 1050630222?
0
What is the tens digit of 33421729?
2
What is the millions digit of 82888864?
2
What is the hundred thousands digit of 281381206?
3
What is the millions digit of 278061695?
8
What is the billions digit of 2122399876?
2
What is the ten thousands digit of 111204449?
0
What is the hundred thousands digit of 29401783?
4
What is the hundred millions digit of 361003525?
3
What is the ten millions digit of 278609587?
7
What is the units digit of 1454635633?
3
What is the thousands digit of 947109179?
9
What is the hundred millions digit of 3613349299?
6
What is the thousands digit of 273808799?
8
What is the ten thousands digit of 250950744?
5
What is the billions digit of 3441319199?
3
What is the tens digit of 1253898132?
3
What is the hundred millions digit of 258115893?
2
What is the hundred thousands digit of 28510218?
5
What is the units digit of 169202069?
9
What is the millions digit of 3553258809?
3
What is the ten millions digit of 99734503?
9
What is the thousands digit of 927134551?
4
What is the millions digit of 1549046931?
9
What is the tens digit of 478776490?
9
What is the units digit of 320646958?
8
What is the thousands digit of 84429320?
9
What is the tens digit of 1944498304?
0
What is the hundreds digit of 403421987?
9
What is the hundred thousands digit of 3560863880?
8
What is the ten millions digit of 283285925?
8
What is the ten millions digit of 224698484?
2
What is the ten millions digit of 809371554?
0
What is the ten thousands digit of 78010828?
1
What is the tens digit of 67712413?
1
What is the hundred thousands digit of 164326294?
3
What is the billions digit of 5709281631?
5
What is the millions digit of 500537631?
0
What is the ten millions digit of 82349120?
8
What is the hundred thousands digit of 10683516?
6
What is the ten millions digit of 1623848602?
2
What is the hundreds digit of 5071790965?
9
What is the thousands digit of 38647360?
7
What is the tens digit of 3371886003?
0
What is the hundred thousands digit of 750685590?
6
What is the units digit of 2388152219?
9
What is the hundreds digit of 33483864?
8
What is the millions digit of 176525746?
6
What is the thousands digit of 1641464583?
4
What is the billions digit of 2757530704?
2
What is the tens digit of 475788600?
0
What is the hundreds digit of 14059111?
1
What is the thousands digit of 50711903?
1
What is the ten millions digit of 11669408?
1
What is the millions digit of 16854526?
6
What is the units digit of 66868654?
4
What is the tens digit of 1930782947?
4
What is the ten millions digit of 101360945?
0
What is the units digit of 232953458?
8
What is the hundred thousands digit of 103558481?
5
What is the thousands digit of 228041922?
1
What is the tens digit of 2690584010?
1
What is the hundred millions digit of 1457477132?
4
What is the millions digit of 661674192?
1
What is the tens digit of 187873143?
4
What is the ten thousands digit of 1706541226?
4
What is the millions digit of 4182957580?
2
What is the millions digit of 160188998?
0
What is the tens digit of 2934006425?
2
What is the units digit of 1145686830?
0
What is the hundreds digit of 1034891245?
2
What is the tens digit of 54105909?
0
What is the units digit of 202891822?
2
What is the units digit of 277300303?
3
What is the millions digit of 174759978?
4
What is the hundreds digit of 35277455?
4
What is the hundred thousands digit of 10353312?
3
What is the units digit of 47699830?
0
What is the units digit of 241397966?
6
What is the hundred thousands digit of 4894615?
8
What is the tens digit of 199413027?
2
What is the ten millions digit of 216927896?
1
What is the hundreds digit of 23241228?
2
What is the units digit of 34168159?
9
What is the hundred millions digit of 574991483?
5
What is the ten thousands digit of 50739119?
3
What is the hundreds digit of 71314034?
0
What is the ten thousands digit of 240491410?
9
What is the millions digit of 1474877?
1
What is the hundred thousands digit of 16095862?
0
Wh